{"id":68,"date":"2017-10-15T13:39:36","date_gmt":"2017-10-15T13:39:36","guid":{"rendered":"http:\/\/novaweb.casaruralcanpobric.com\/?page_id=68"},"modified":"2018-06-20T08:11:53","modified_gmt":"2018-06-20T08:11:53","slug":"inici","status":"publish","type":"page","link":"http:\/\/novaweb.casaruralcanpobric.com\/","title":{"rendered":"Inici"},"content":{"rendered":"<p style=\"padding-left: 30px; text-align: left;\"><span style=\"font-family: Book Antiqua,Palatino; font-size: 18pt;\">Can Pobric \u00e9s una masia r\u00fastica situada en el poble de Ma\u00e7anet <\/span><span style=\"font-family: Book Antiqua,Palatino; font-size: 18pt;\"><img decoding=\"async\" loading=\"lazy\" class=\"alignright wp-image-750 \" src=\"http:\/\/novaweb.casaruralcanpobric.com\/wp-content\/uploads\/2017\/10\/PRINCIPAL-1-min-136x300.png\" alt=\"\" width=\"315\" height=\"695\" srcset=\"http:\/\/novaweb.casaruralcanpobric.com\/wp-content\/uploads\/2017\/10\/PRINCIPAL-1-min-136x300.png 136w, http:\/\/novaweb.casaruralcanpobric.com\/wp-content\/uploads\/2017\/10\/PRINCIPAL-1-min-768x1697.png 768w, http:\/\/novaweb.casaruralcanpobric.com\/wp-content\/uploads\/2017\/10\/PRINCIPAL-1-min-1170x2586.png 1170w\" sizes=\"(max-width: 315px) 100vw, 315px\" \/><\/span><\/p>\n<p style=\"padding-left: 30px; text-align: left;\"><span style=\"font-family: Book Antiqua,Palatino; font-size: 18pt;\">de la Selva, en un paratge natural, tota envoltada de boscos. &nbsp;La <\/span><\/p>\n<p style=\"padding-left: 30px; text-align: left;\"><span style=\"font-family: Book Antiqua,Palatino; font-size: 18pt;\">casa va ser <\/span><span style=\"font-family: 'Book Antiqua',Palatino;\"><span style=\"font-size: 18pt;\">constru\u00efda<\/span> <\/span><span style=\"font-family: Book Antiqua,Palatino; font-size: 18pt;\">el 1850 i va ser totalment restaurada, amb<\/span><\/p>\n<p style=\"padding-left: 30px; text-align: left;\"><span style=\"font-family: Book Antiqua,Palatino; font-size: 18pt;\">totes les comoditats, al&nbsp;<\/span><span style=\"font-family: 'Book Antiqua',Palatino; font-size: 18pt;\">2011.<\/span><\/p>\n<p style=\"text-align: left;\">&nbsp;<\/p>\n<p style=\"padding-left: 30px; text-align: left;\"><span style=\"font-family: Book Antiqua,Palatino; font-size: 18pt;\">La seva situaci\u00f3 \u00e9s ideal per gaudir d\u2019una estada enmig de la <\/span><\/p>\n<p style=\"padding-left: 30px; text-align: left;\"><span style=\"font-family: Book Antiqua,Palatino; font-size: 18pt;\">natura i la vegetaci\u00f3. Es troba a 25 minuts de <\/span><span style=\"font-family: Book Antiqua,Palatino; font-size: 18pt;\">Girona, a 45 minuts <\/span><\/p>\n<p style=\"padding-left: 30px; text-align: left;\"><span style=\"font-family: Book Antiqua,Palatino; font-size: 18pt;\">de Barcelona i a nom\u00e9s 20 minuts de les&nbsp;<\/span><span style=\"font-family: Book Antiqua,Palatino; font-size: 18pt;\">platges de la Costa <\/span><\/p>\n<p style=\"padding-left: 30px; text-align: left;\"><span style=\"font-family: Book Antiqua,Palatino; font-size: 18pt;\">Brava.&nbsp; <\/span><\/p>\n<p style=\"padding-left: 30px;\">&nbsp;<\/p>\n<p style=\"text-align: left; padding-left: 30px;\"><span style=\"font-family: Book Antiqua,Palatino; font-size: 18pt;\">Gaudeix de la privacitat de la masia a l&#8217;estar rodejada de bosc. <\/span><\/p>\n<p style=\"text-align: left; padding-left: 30px;\"><span style=\"font-family: Book Antiqua,Palatino; font-size: 18pt;\">Coneix els animals que hi ha a la casa com ara els \u00e0necs, cabres<\/span><\/p>\n<p style=\"text-align: left; padding-left: 30px;\"><span style=\"font-family: Book Antiqua,Palatino; font-size: 18pt;\">&nbsp;i ovelles. <\/span><span style=\"font-family: Book Antiqua,Palatino; font-size: 18pt;\">Oblida&#8217;t de l&#8217;estr\u00e8s diari i gaudeix en un entorn <\/span><\/p>\n<p style=\"text-align: left; padding-left: 30px;\"><span style=\"font-family: Book Antiqua,Palatino; font-size: 18pt;\">natural.&nbsp; <\/span><span style=\"font-family: Book Antiqua,Palatino; font-size: 18pt;\">Relaxa&#8217;t a la piscina d&#8217;aigua salada amb els beneficis<\/span><\/p>\n<p style=\"text-align: left; padding-left: 30px;\"><span style=\"font-family: Book Antiqua,Palatino; font-size: 18pt;\"> que aporta <\/span><span style=\"font-family: Book Antiqua,Palatino; font-size: 18pt;\">la salinitzaci\u00f3. La casa disposa de wifi a l&#8217;interior<\/span><\/p>\n<p style=\"padding-left: 30px;\"><span style=\"font-size: 18pt; font-family: 'Book Antiqua', Palatino;\">de la casa com a la part exterior.&nbsp;<\/span><\/p>\n<p>&nbsp;<\/p>\n<hr>\n<h1 style=\"text-align: center;\"><span style=\"font-family: titols; font-size: 36pt; color: #800000;\">Can Pobric-Tr<\/span><span style=\"color: #800000;\"><span style=\"font-family: titols; font-size: 36pt;\">a<\/span><span style=\"font-family: titols; font-size: 36pt;\">nq<\/span><\/span><span style=\"font-family: titols; font-size: 36pt; color: #800000;\">uilitat enmig de la natura<\/span><\/h1>\n<p>&nbsp;<\/p>\n<p>&nbsp; <a href=\"http:\/\/novaweb.casaruralcanpobric.com\/?page_id=5\"><img decoding=\"async\" loading=\"lazy\" class=\"alignleft wp-image-733\" src=\"http:\/\/novaweb.casaruralcanpobric.com\/wp-content\/uploads\/2017\/10\/I.1.2-300x296.png\" alt=\"\" width=\"309\" height=\"305\" srcset=\"http:\/\/novaweb.casaruralcanpobric.com\/wp-content\/uploads\/2017\/10\/I.1.2-300x296.png 300w, http:\/\/novaweb.casaruralcanpobric.com\/wp-content\/uploads\/2017\/10\/I.1.2-768x758.png 768w, http:\/\/novaweb.casaruralcanpobric.com\/wp-content\/uploads\/2017\/10\/I.1.2-1024x1010.png 1024w, http:\/\/novaweb.casaruralcanpobric.com\/wp-content\/uploads\/2017\/10\/I.1.2-1170x1154.png 1170w\" sizes=\"(max-width: 309px) 100vw, 309px\" \/><\/a><\/p>\n<p><span style=\"font-family: titols; font-size: 24pt; color: #993300;\"><a style=\"text-decoration-line: none;\" href=\"http:\/\/novaweb.casaruralcanpobric.com\/?page_id=5\"><span style=\"color: #333333;\"><span style=\"color: #993300;\">La casa<\/span><\/span><\/a>:<\/span><\/p>\n<p><span style=\"font-size: 18pt; font-family: Book Antiqua,Palatino;\">La casa rural t\u00e9 una superf\u00edcie habitable de 390 m\u00b2 , repartits<\/span><\/p>\n<p><span style=\"font-size: 18pt; font-family: Book Antiqua,Palatino;\"> en&nbsp;<\/span><span style=\"font-family: 'Book Antiqua', Palatino; font-size: 18pt;\">3 plantes. La casa t\u00e9 una capacitat inicial de 15 llits per\u00f2 es <\/span><\/p>\n<p><span style=\"font-family: 'Book Antiqua', Palatino; font-size: 18pt;\">pot&nbsp;<\/span><span style=\"font-family: 'Book Antiqua', Palatino; font-size: 18pt;\">augmentar fins a 7 llits m\u00e9s, fins a una capacitat total de <\/span><\/p>\n<p><span style=\"font-family: 'Book Antiqua', Palatino; font-size: 18pt;\">22 <\/span><span style=\"font-family: 'Book Antiqua', Palatino; font-size: 18pt;\">places. Consultar en el cas de grups m\u00e9s grans.<br \/>\n<\/span><\/p>\n<p>&nbsp;<\/p>\n<p>&nbsp;<\/p>\n<p>&nbsp;<\/p>\n<p><a href=\"http:\/\/novaweb.casaruralcanpobric.com\/?page_id=7\"><img decoding=\"async\" loading=\"lazy\" class=\"alignleft wp-image-734\" src=\"http:\/\/novaweb.casaruralcanpobric.com\/wp-content\/uploads\/2017\/10\/I.2.2-300x293.png\" alt=\"\" width=\"313\" height=\"306\" srcset=\"http:\/\/novaweb.casaruralcanpobric.com\/wp-content\/uploads\/2017\/10\/I.2.2-300x293.png 300w, http:\/\/novaweb.casaruralcanpobric.com\/wp-content\/uploads\/2017\/10\/I.2.2.png 353w\" sizes=\"(max-width: 313px) 100vw, 313px\" \/><\/a><\/p>\n<p>&nbsp;<\/p>\n<p><span style=\"font-size: 24pt; font-family: titols;\"><a style=\"text-decoration-line: none;\" href=\"http:\/\/novaweb.casaruralcanpobric.com\/?page_id=7\"><span style=\"color: #993300;\">Entorn<\/span><\/a><span style=\"color: #993300;\">:<\/span><\/span><\/p>\n<p><span style=\"font-family: Book Antiqua,Palatino; font-size: 18pt;\">A menys d&#8217;una hora amb cotxe podem trobar una gran <\/span><\/p>\n<p><span style=\"font-family: Book Antiqua,Palatino; font-size: 18pt;\">varietat de destinacions com Girona, <\/span><span style=\"font-family: Book Antiqua,Palatino; font-size: 18pt;\">Barcelona, Besal\u00fa, les <\/span><\/p>\n<p><span style=\"font-family: Book Antiqua,Palatino; font-size: 18pt;\">platges de la Costa Brava, Emp\u00faries, els Pirineus, entre d\u2019altres.<\/span><\/p>\n<p><span style=\"font-family: Book Antiqua,Palatino; font-size: 18pt;\">&nbsp; <\/span><\/p>\n<p>&nbsp;<\/p>\n<p>&nbsp;<\/p>\n<p>&nbsp;<\/p>\n<p><a href=\"http:\/\/novaweb.casaruralcanpobric.com\/?page_id=9\"><img decoding=\"async\" loading=\"lazy\" class=\"alignleft wp-image-735 \" src=\"http:\/\/novaweb.casaruralcanpobric.com\/wp-content\/uploads\/2017\/10\/I.3.2-300x300.png\" alt=\"\" width=\"312\" height=\"312\" srcset=\"http:\/\/novaweb.casaruralcanpobric.com\/wp-content\/uploads\/2017\/10\/I.3.2-300x300.png 300w, http:\/\/novaweb.casaruralcanpobric.com\/wp-content\/uploads\/2017\/10\/I.3.2-150x150.png 150w, http:\/\/novaweb.casaruralcanpobric.com\/wp-content\/uploads\/2017\/10\/I.3.2.png 547w\" sizes=\"(max-width: 312px) 100vw, 312px\" \/><\/a><\/p>\n<p>&nbsp;<\/p>\n<p><span style=\"font-family: titols; font-size: 24pt;\"><a style=\"text-decoration-line: none;\" href=\"http:\/\/novaweb.casaruralcanpobric.com\/?page_id=9\"><span style=\"color: #993300;\">Situaci\u00f3<\/span><\/a><span style=\"color: #993300;\">:<\/span><\/span><\/p>\n<p><span style=\"font-family: Book Antiqua,Palatino; font-size: 18pt;\">Estem situats a Ma\u00e7anet de la Selva, a la comarca de la Selva i <\/span><\/p>\n<p><span style=\"font-family: Book Antiqua,Palatino; font-size: 18pt;\">prov\u00edncia de Girona. Envoltats pels pobles de Sils, Riudarenes <\/span><\/p>\n<p><span style=\"font-family: Book Antiqua,Palatino; font-size: 18pt;\">i Hostalric. En un entorn tranquil envoltats de natura a prop <\/span><\/p>\n<p><span style=\"font-family: Book Antiqua,Palatino; font-size: 18pt;\">dels Estanys de Sils.<br \/>\n<\/span><\/p>\n<p>&nbsp;<\/p>\n<p>&nbsp;<\/p>\n<p>&nbsp;<\/p>\n<!-- index.php -->\n<div\n\tclass=\"ngg-galleryoverview ngg-ajax-pagination-none\"\n\tid=\"ngg-gallery-4ea0a231ad6685b39edab8bcdd1926c0-1\">\n\n    \t\t<!-- Thumbnails -->\n\t\t\t\t<div id=\"ngg-image-0\" class=\"ngg-gallery-thumbnail-box\" >\n\t\t\t\t        <div class=\"ngg-gallery-thumbnail\">\n            <a href=\"http:\/\/novaweb.casaruralcanpobric.com\/wp-content\/gallery\/premis\/Escapada-Rural.png\"\n               title=\"\"\n               data-src=\"http:\/\/novaweb.casaruralcanpobric.com\/wp-content\/gallery\/premis\/Escapada-Rural.png\"\n               data-thumbnail=\"http:\/\/novaweb.casaruralcanpobric.com\/wp-content\/gallery\/premis\/thumbs\/thumbs_Escapada-Rural.png\"\n               data-image-id=\"135\"\n               data-title=\"Escapada Rural\"\n               data-description=\"\"\n               data-image-slug=\"escapada-rural\"\n               class=\"ngg-fancybox\" rel=\"4ea0a231ad6685b39edab8bcdd1926c0\">\n                <img\n                    title=\"Escapada Rural\"\n                    alt=\"Escapada Rural\"\n                    src=\"http:\/\/novaweb.casaruralcanpobric.com\/wp-content\/gallery\/premis\/cache\/Escapada-Rural.png-nggid03135-ngg0dyn-240x180x100-00f0w010c011r110f110r010t010.png\"\n                    width=\"240\"\n                    height=\"180\"\n                    style=\"max-width:100%;\"\n                \/>\n            <\/a>\n        <\/div>\n\t\t\t\t\t\t\t<\/div> \n\t\t\t\n                            \n\t\t\t\t<div id=\"ngg-image-1\" class=\"ngg-gallery-thumbnail-box\" >\n\t\t\t\t        <div class=\"ngg-gallery-thumbnail\">\n            <a href=\"http:\/\/novaweb.casaruralcanpobric.com\/wp-content\/gallery\/premis\/Toprural-240.png\"\n               title=\"\"\n               data-src=\"http:\/\/novaweb.casaruralcanpobric.com\/wp-content\/gallery\/premis\/Toprural-240.png\"\n               data-thumbnail=\"http:\/\/novaweb.casaruralcanpobric.com\/wp-content\/gallery\/premis\/thumbs\/thumbs_Toprural-240.png\"\n               data-image-id=\"139\"\n               data-title=\"Toprural 240\"\n               data-description=\"\"\n               data-image-slug=\"toprural-240\"\n               class=\"ngg-fancybox\" rel=\"4ea0a231ad6685b39edab8bcdd1926c0\">\n                <img\n                    title=\"Toprural 240\"\n                    alt=\"Toprural 240\"\n                    src=\"http:\/\/novaweb.casaruralcanpobric.com\/wp-content\/gallery\/premis\/cache\/Toprural-240.png-nggid03139-ngg0dyn-240x180x100-00f0w010c011r110f110r010t010.png\"\n                    width=\"240\"\n                    height=\"180\"\n                    style=\"max-width:100%;\"\n                \/>\n            <\/a>\n        <\/div>\n\t\t\t\t\t\t\t<\/div> \n\t\t\t\n                            \n\t\t\n\t\t<!-- Pagination -->\n\t<div class='ngg-clear'><\/div>\t<\/div>\n\n<p>&nbsp;<\/p>\n<p>&nbsp;<\/p>\n","protected":false},"excerpt":{"rendered":"<p>Can Pobric \u00e9s una masia r\u00fastica situada en el poble de Ma\u00e7anet de la Selva, en un paratge natural, tota envoltada de boscos. &nbsp;La casa va ser constru\u00efda el 1850 i va ser totalment restaurada, amb totes les comoditats, al&nbsp;2011&#8230;.<br \/><a class=\"read-more-button\" href=\"http:\/\/novaweb.casaruralcanpobric.com\/\">Read more<\/a><\/p>\n","protected":false},"author":1,"featured_media":0,"parent":0,"menu_order":0,"comment_status":"closed","ping_status":"closed","template":"template-full-width.php","meta":{"ngg_post_thumbnail":0},"acf":[],"_links":{"self":[{"href":"http:\/\/novaweb.casaruralcanpobric.com\/index.php?rest_route=\/wp\/v2\/pages\/68"}],"collection":[{"href":"http:\/\/novaweb.casaruralcanpobric.com\/index.php?rest_route=\/wp\/v2\/pages"}],"about":[{"href":"http:\/\/novaweb.casaruralcanpobric.com\/index.php?rest_route=\/wp\/v2\/types\/page"}],"author":[{"embeddable":true,"href":"http:\/\/novaweb.casaruralcanpobric.com\/index.php?rest_route=\/wp\/v2\/users\/1"}],"replies":[{"embeddable":true,"href":"http:\/\/novaweb.casaruralcanpobric.com\/index.php?rest_route=%2Fwp%2Fv2%2Fcomments&post=68"}],"version-history":[{"count":92,"href":"http:\/\/novaweb.casaruralcanpobric.com\/index.php?rest_route=\/wp\/v2\/pages\/68\/revisions"}],"predecessor-version":[{"id":1142,"href":"http:\/\/novaweb.casaruralcanpobric.com\/index.php?rest_route=\/wp\/v2\/pages\/68\/revisions\/1142"}],"wp:attachment":[{"href":"http:\/\/novaweb.casaruralcanpobric.com\/index.php?rest_route=%2Fwp%2Fv2%2Fmedia&parent=68"}],"curies":[{"name":"wp","href":"https:\/\/api.w.org\/{rel}","templated":true}]}}