{"id":879,"date":"2017-11-14T11:50:11","date_gmt":"2017-11-14T11:50:11","guid":{"rendered":"http:\/\/novaweb.casaruralcanpobric.com\/?page_id=879"},"modified":"2018-06-20T08:21:43","modified_gmt":"2018-06-20T08:21:43","slug":"la-maison","status":"publish","type":"page","link":"http:\/\/novaweb.casaruralcanpobric.com\/?page_id=879&lang=fr","title":{"rendered":"La maison"},"content":{"rendered":"<p style=\"text-align: center;\"><span style=\"font-size: 24pt;\"><strong><span style=\"font-family: titols; color: #800000;\">\u00c0 l&#8217;int\u00e9rieur<br \/>\n<\/span><\/strong><\/span><\/p>\n<p><span style=\"font-family: 'Book Antiqua', Palatino; font-size: 18pt;\"><br \/>\n<\/span><\/p>\n<p><span style=\"font-family: Book Antiqua, Palatino; font-size: 18pt;\">La maison a une surface habitable de 390 m\u00b2, r\u00e9partis sur 3 \u00e9tages. Elle a une capacit\u00e9 initiale de 15 lits mais <\/span><\/p>\n<p><span style=\"font-family: Book Antiqua, Palatino; font-size: 18pt;\">\u00e7a peut \u00eatre augment\u00e9 jusqu&#8217;\u00e0 un total de 22 lits. <span id=\"result_box\" class=\"short_text\" lang=\"fr\"><span class=\"\">Consulter dans le cas de groupes plus importants<\/span><\/span>.<br \/>\n<\/span><\/p>\n<p>&nbsp;<\/p>\n<p style=\"padding-left: 30px;\"><span style=\"font-size: 18pt;\"><strong><span style=\"font-family: Book Antiqua, Palatino;\">Rez-de-chauss\u00e9e<\/span><\/strong><\/span><\/p>\n<ul>\n<li><span style=\"font-family: Book Antiqua, Palatino; font-size: 18pt;\">Grande salle: \u00e9quip\u00e9e d&#8217;une grande table, de chaises et d&#8217;un bar.<\/span><\/li>\n<li><span style=\"font-family: Book Antiqua, Palatino; font-size: 18pt;\">Salon: il y a une t\u00e9l\u00e9vision, un canap\u00e9, une table avec des chaises et une chemin\u00e9e.<\/span><\/li>\n<li><span style=\"font-family: Book Antiqua, Palatino; font-size: 18pt;\">Salle \u00e0 manger: elle est grande avec une table centrale, ce qui est id\u00e9al pour faire des repas avec beaucoup de monde.<\/span><\/li>\n<li><span style=\"font-family: Book Antiqua, Palatino; font-size: 18pt;\">Deux cuisines: bien \u00e9quip\u00e9es avec tous les \u00e9l\u00e9ments n\u00e9cessaires pour un s\u00e9jour agr\u00e9able.<\/span><\/li>\n<li><span style=\"font-family: Book Antiqua, Palatino; font-size: 18pt;\">Deux bains.<\/span><\/li>\n<li><span style=\"font-family: Book Antiqua, Palatino; font-size: 18pt;\">Une chambre.<\/span><\/li>\n<\/ul>\n<p>&nbsp;<\/p>\n<p style=\"padding-left: 30px;\"><span style=\"font-size: 18pt;\"><strong><span style=\"font-family: Book Antiqua, Palatino;\">Premier \u00e9tage<\/span><\/strong><\/span><\/p>\n<ul>\n<li><span style=\"font-family: Book Antiqua, Palatino; font-size: 18pt;\">Salon: il a une t\u00e9l\u00e9vision, deux canap\u00e9s et un endroit pour jouer au billard.<\/span><\/li>\n<li><span style=\"font-family: Book Antiqua, Palatino; font-size: 18pt;\">Cinq chambres: deux d&#8217;entre elles sont des chambres doubles et les autres sont \u00e9quip\u00e9es de lits individuels.<\/span><\/li>\n<li><span style=\"font-family: Book Antiqua, Palatino; font-size: 18pt;\">Deux salles de bains.<\/span><\/li>\n<\/ul>\n<p>&nbsp;<\/p>\n<p style=\"padding-left: 30px; text-align: left;\"><span style=\"font-size: 18pt;\"><strong><span style=\"font-family: Book Antiqua, Palatino;\">Deuxi\u00e8me \u00e9tage<\/span><span style=\"font-family: 'Book Antiqua', Palatino;\">&nbsp;&nbsp;&nbsp;&nbsp;&nbsp;&nbsp;&nbsp;&nbsp;&nbsp;&nbsp;&nbsp;&nbsp;&nbsp;&nbsp;&nbsp;&nbsp;&nbsp;&nbsp;&nbsp;&nbsp;&nbsp;&nbsp;&nbsp;&nbsp;&nbsp;&nbsp;&nbsp;&nbsp;&nbsp;&nbsp;&nbsp;&nbsp;&nbsp;&nbsp;&nbsp;&nbsp;&nbsp;&nbsp;&nbsp;&nbsp;&nbsp;&nbsp; &nbsp; &nbsp; &nbsp; &nbsp; &nbsp; &nbsp; &nbsp; &nbsp; &nbsp; &nbsp; &nbsp; &nbsp; &nbsp; &nbsp; &nbsp; &nbsp; &nbsp; &nbsp; &nbsp; &nbsp; &nbsp; &nbsp; &nbsp; &nbsp; &nbsp; &nbsp; &nbsp; &nbsp; &nbsp; &nbsp; &nbsp; &nbsp; &nbsp; &nbsp; &nbsp; &nbsp;&nbsp; <\/span><\/strong><\/span><\/p>\n<ul>\n<li><span style=\"font-family: 'Book Antiqua', Palatino; font-size: 18pt;\">Une chambre.<\/span><\/li>\n<li><span style=\"font-family: 'Book Antiqua', Palatino; font-size: 18pt;\">Un bain.<\/span><\/li>\n<\/ul>\n<p style=\"text-align: center;\"><style type=\"text\/css\">.easingslider-783 { width: 100%; }.easingslider-783 .easingslider-image { max-height: 400px; max-width: 640px; }.easingslider-783 .easingslider-fade-in, .easingslider-fade-out { -webkit-animation-duration: 400ms; -moz-animation-duration: 400ms; animation-duration: 400ms; }<\/style><script type=\"text\/javascript\">window.EasingSlider783 = {\"width\":640,\"height\":400,\"singleItem\":true,\"items\":1,\"itemsDesktop\":false,\"itemsDesktopSmall\":false,\"itemsTablet\":false,\"itemsTabletSmall\":false,\"itemsMobile\":false,\"responsive\":true,\"lazyLoad\":true,\"autoPlay\":4000,\"slideSpeed\":400,\"navigation\":true,\"navigationText\":[\"\",\"\"],\"pagination\":true,\"autoHeight\":false,\"mouseDrag\":false,\"touchDrag\":false,\"addClassActive\":true,\"transitionStyle\":\"fade\"};<\/script><div data-id=\"783\" class=\"easingslider easingslider-783 easingslider-container easingslider-full-width easingslider-resizing-enabled easingslider-aspect-ratio easingslider-arrows-inside easingslider-pagination-inside easingslider-pagination-bottom-center\"><div class=\"easingslider-slide\"><img src=\"http:\/\/novaweb.casaruralcanpobric.com\/wp-content\/plugins\/easing-slider\/assets\/images\/placeholder-pixel.png\" data-src=\"http:\/\/novaweb.casaruralcanpobric.com\/wp-content\/uploads\/2017\/10\/canpobric-21.2.12-001-1-640x400.jpg\" alt=\"\" title=\"\" class=\"easingslider-image easingslider-lazy\" \/><\/div><div class=\"easingslider-slide\"><img src=\"http:\/\/novaweb.casaruralcanpobric.com\/wp-content\/plugins\/easing-slider\/assets\/images\/placeholder-pixel.png\" data-src=\"http:\/\/novaweb.casaruralcanpobric.com\/wp-content\/uploads\/2017\/10\/big_26020876-1-640x400.jpg\" alt=\"\" title=\"\" class=\"easingslider-image easingslider-lazy\" \/><\/div><div class=\"easingslider-slide\"><img src=\"http:\/\/novaweb.casaruralcanpobric.com\/wp-content\/plugins\/easing-slider\/assets\/images\/placeholder-pixel.png\" data-src=\"http:\/\/novaweb.casaruralcanpobric.com\/wp-content\/uploads\/2017\/10\/big_26079966-1-640x400.jpg\" alt=\"\" title=\"\" class=\"easingslider-image easingslider-lazy\" \/><\/div><div class=\"easingslider-slide\"><img src=\"http:\/\/novaweb.casaruralcanpobric.com\/wp-content\/plugins\/easing-slider\/assets\/images\/placeholder-pixel.png\" data-src=\"http:\/\/novaweb.casaruralcanpobric.com\/wp-content\/uploads\/2017\/10\/DSC_0544-640x400.jpg\" alt=\"\" title=\"\" class=\"easingslider-image easingslider-lazy\" \/><\/div><div class=\"easingslider-slide\"><img src=\"http:\/\/novaweb.casaruralcanpobric.com\/wp-content\/plugins\/easing-slider\/assets\/images\/placeholder-pixel.png\" data-src=\"http:\/\/novaweb.casaruralcanpobric.com\/wp-content\/uploads\/2017\/10\/DSC_0356-640x400.jpg\" alt=\"\" title=\"\" class=\"easingslider-image easingslider-lazy\" \/><\/div><div class=\"easingslider-slide\"><img src=\"http:\/\/novaweb.casaruralcanpobric.com\/wp-content\/plugins\/easing-slider\/assets\/images\/placeholder-pixel.png\" data-src=\"http:\/\/novaweb.casaruralcanpobric.com\/wp-content\/uploads\/2017\/10\/DSC_0370-640x400.jpg\" alt=\"\" title=\"\" class=\"easingslider-image easingslider-lazy\" \/><\/div><div class=\"easingslider-slide\"><img src=\"http:\/\/novaweb.casaruralcanpobric.com\/wp-content\/plugins\/easing-slider\/assets\/images\/placeholder-pixel.png\" data-src=\"http:\/\/novaweb.casaruralcanpobric.com\/wp-content\/uploads\/2017\/10\/DSC_0268-640x400.jpg\" alt=\"\" title=\"\" class=\"easingslider-image easingslider-lazy\" \/><\/div><div class=\"easingslider-slide\"><img src=\"http:\/\/novaweb.casaruralcanpobric.com\/wp-content\/plugins\/easing-slider\/assets\/images\/placeholder-pixel.png\" data-src=\"http:\/\/novaweb.casaruralcanpobric.com\/wp-content\/uploads\/2017\/10\/DSC_0253-640x400.jpg\" alt=\"\" title=\"\" class=\"easingslider-image easingslider-lazy\" \/><\/div><div class=\"easingslider-slide\"><img src=\"http:\/\/novaweb.casaruralcanpobric.com\/wp-content\/plugins\/easing-slider\/assets\/images\/placeholder-pixel.png\" data-src=\"http:\/\/novaweb.casaruralcanpobric.com\/wp-content\/uploads\/2017\/10\/DSC_0198-640x400.jpg\" alt=\"\" title=\"\" class=\"easingslider-image easingslider-lazy\" \/><\/div><\/div><\/p>\n<p>&nbsp;<\/p>\n<p style=\"text-align: center;\"><span style=\"font-size: 24pt;\"><strong><span style=\"font-family: titols; color: #800000;\">\u00c0 l&#8217;ext\u00e9rieur<br \/>\n<\/span><\/strong><\/span><\/p>\n<p><span style=\"font-family: Book Antiqua, Palatino; font-size: 18pt;\">La maison a un grand espace ext\u00e9rieur. Dans cette zone, il y a un terrain de football, un terrain de volleyball, <\/span><\/p>\n<p><span style=\"font-family: Book Antiqua, Palatino; font-size: 18pt;\">une piste de basketball, un lit \u00e9lastique, une tyrolienne, un terrain de p\u00e9tanque et un espace pour enfants <\/span><\/p>\n<p><span style=\"font-family: Book Antiqua, Palatino; font-size: 18pt;\">(avec balan\u00e7oires, toboggan et une petite maison en bois).<\/span><\/p>\n<p>&nbsp;<\/p>\n<p><span style=\"font-family: Book Antiqua, Palatino; font-size: 18pt;\">Dans la partie frontale de la maison il y a un grand parking pour les v\u00e9hicules. Il y a aussi la piscine au sel, <\/span><\/p>\n<p><span style=\"font-family: Book Antiqua, Palatino; font-size: 18pt;\">enti\u00e8rement cl\u00f4tur\u00e9e. Il y a une salle \u00e0 manger ext\u00e9rieure enti\u00e8rement \u00e9quip\u00e9e avec des tables, des chaises, <\/span><\/p>\n<p><span style=\"font-family: Book Antiqua, Palatino; font-size: 18pt;\">un baby-foot gratuit et un grand barbecue.<\/span><\/p>\n<p>&nbsp;<\/p>\n<p><span style=\"font-family: Book Antiqua, Palatino; font-size: 18pt;\">La maison a des courts de tennis \u00e0 cinq minutes. Il a aussi un service de jacuzzi. <\/span><span style=\"font-family: Book Antiqua, Palatino; font-size: 18pt;\" lang=\"fr\">Arr\u00eat de bus \u00e0 900 m\u00e8tres.<\/span><\/p>\n<p><span style=\"font-family: Book Antiqua, Palatino; font-size: 18pt;\">&nbsp;<\/span><\/p>\n<p style=\"text-align: center;\">&nbsp;<\/p>\n<p style=\"text-align: center;\"><style type=\"text\/css\">.easingslider-639 { width: 100%; }.easingslider-639 .easingslider-image { max-height: 400px; max-width: 550px; }.easingslider-639 .easingslider-fade-in, .easingslider-fade-out { -webkit-animation-duration: 600ms; -moz-animation-duration: 600ms; animation-duration: 600ms; }<\/style><script type=\"text\/javascript\">window.EasingSlider639 = {\"width\":550,\"height\":400,\"singleItem\":true,\"items\":1,\"itemsDesktop\":false,\"itemsDesktopSmall\":false,\"itemsTablet\":false,\"itemsTabletSmall\":false,\"itemsMobile\":false,\"responsive\":true,\"lazyLoad\":true,\"autoPlay\":4000,\"slideSpeed\":600,\"navigation\":true,\"navigationText\":[\"\",\"\"],\"pagination\":true,\"autoHeight\":false,\"mouseDrag\":false,\"touchDrag\":false,\"addClassActive\":true,\"transitionStyle\":\"fade\"};<\/script><div data-id=\"639\" class=\"easingslider easingslider-639 easingslider-container easingslider-full-width easingslider-resizing-enabled easingslider-aspect-ratio easingslider-arrows-inside easingslider-pagination-inside easingslider-pagination-bottom-center\"><div class=\"easingslider-slide\"><img src=\"http:\/\/novaweb.casaruralcanpobric.com\/wp-content\/plugins\/easing-slider\/assets\/images\/placeholder-pixel.png\" data-src=\"http:\/\/novaweb.casaruralcanpobric.com\/wp-content\/uploads\/2017\/10\/856246_614938371856975_1978039131_o-1-550x400.jpg\" alt=\"\" title=\"\" class=\"easingslider-image easingslider-lazy\" \/><\/div><div class=\"easingslider-slide\"><img src=\"http:\/\/novaweb.casaruralcanpobric.com\/wp-content\/plugins\/easing-slider\/assets\/images\/placeholder-pixel.png\" data-src=\"http:\/\/novaweb.casaruralcanpobric.com\/wp-content\/uploads\/2017\/10\/820753_614933591857453_1890068705_o-1-550x400.jpg\" alt=\"\" title=\"\" class=\"easingslider-image easingslider-lazy\" \/><\/div><div class=\"easingslider-slide\"><img src=\"http:\/\/novaweb.casaruralcanpobric.com\/wp-content\/plugins\/easing-slider\/assets\/images\/placeholder-pixel.png\" data-src=\"http:\/\/novaweb.casaruralcanpobric.com\/wp-content\/uploads\/2017\/10\/big_42566201-550x400.jpg\" alt=\"\" title=\"\" class=\"easingslider-image easingslider-lazy\" \/><\/div><div class=\"easingslider-slide\"><img src=\"http:\/\/novaweb.casaruralcanpobric.com\/wp-content\/plugins\/easing-slider\/assets\/images\/placeholder-pixel.png\" data-src=\"http:\/\/novaweb.casaruralcanpobric.com\/wp-content\/uploads\/2017\/10\/big_33602124-550x400.jpg\" alt=\"\" title=\"\" class=\"easingslider-image easingslider-lazy\" \/><\/div><div class=\"easingslider-slide\"><img src=\"http:\/\/novaweb.casaruralcanpobric.com\/wp-content\/plugins\/easing-slider\/assets\/images\/placeholder-pixel.png\" data-src=\"http:\/\/novaweb.casaruralcanpobric.com\/wp-content\/uploads\/2017\/10\/big_24344152-550x400.jpg\" alt=\"\" title=\"\" class=\"easingslider-image easingslider-lazy\" \/><\/div><div class=\"easingslider-slide\"><img src=\"http:\/\/novaweb.casaruralcanpobric.com\/wp-content\/plugins\/easing-slider\/assets\/images\/placeholder-pixel.png\" data-src=\"http:\/\/novaweb.casaruralcanpobric.com\/wp-content\/uploads\/2017\/10\/DSC_0618-2-550x400.jpg\" alt=\"\" title=\"\" class=\"easingslider-image easingslider-lazy\" \/><\/div><div class=\"easingslider-slide\"><img src=\"http:\/\/novaweb.casaruralcanpobric.com\/wp-content\/plugins\/easing-slider\/assets\/images\/placeholder-pixel.png\" data-src=\"http:\/\/novaweb.casaruralcanpobric.com\/wp-content\/uploads\/2017\/10\/DSC06920-550x400.jpg\" alt=\"\" title=\"\" class=\"easingslider-image easingslider-lazy\" \/><\/div><\/div><\/p>\n<p>&nbsp;<\/p>\n","protected":false},"excerpt":{"rendered":"<p>\u00c0 l&#8217;int\u00e9rieur La maison a une surface habitable de 390 m\u00b2, r\u00e9partis sur 3 \u00e9tages. Elle a une capacit\u00e9 initiale de 15 lits mais \u00e7a peut \u00eatre augment\u00e9 jusqu&#8217;\u00e0 un total de 22 lits. Consulter dans le cas de groupes&#8230;<br \/><a class=\"read-more-button\" href=\"http:\/\/novaweb.casaruralcanpobric.com\/?page_id=879&#038;lang=fr\">Read more<\/a><\/p>\n","protected":false},"author":1,"featured_media":0,"parent":0,"menu_order":0,"comment_status":"closed","ping_status":"closed","template":"template-full-width.php","meta":{"ngg_post_thumbnail":0},"acf":[],"_links":{"self":[{"href":"http:\/\/novaweb.casaruralcanpobric.com\/index.php?rest_route=\/wp\/v2\/pages\/879"}],"collection":[{"href":"http:\/\/novaweb.casaruralcanpobric.com\/index.php?rest_route=\/wp\/v2\/pages"}],"about":[{"href":"http:\/\/novaweb.casaruralcanpobric.com\/index.php?rest_route=\/wp\/v2\/types\/page"}],"author":[{"embeddable":true,"href":"http:\/\/novaweb.casaruralcanpobric.com\/index.php?rest_route=\/wp\/v2\/users\/1"}],"replies":[{"embeddable":true,"href":"http:\/\/novaweb.casaruralcanpobric.com\/index.php?rest_route=%2Fwp%2Fv2%2Fcomments&post=879"}],"version-history":[{"count":7,"href":"http:\/\/novaweb.casaruralcanpobric.com\/index.php?rest_route=\/wp\/v2\/pages\/879\/revisions"}],"predecessor-version":[{"id":1150,"href":"http:\/\/novaweb.casaruralcanpobric.com\/index.php?rest_route=\/wp\/v2\/pages\/879\/revisions\/1150"}],"wp:attachment":[{"href":"http:\/\/novaweb.casaruralcanpobric.com\/index.php?rest_route=%2Fwp%2Fv2%2Fmedia&parent=879"}],"curies":[{"name":"wp","href":"https:\/\/api.w.org\/{rel}","templated":true}]}}