{"id":905,"date":"2017-11-14T12:04:36","date_gmt":"2017-11-14T12:04:36","guid":{"rendered":"http:\/\/novaweb.casaruralcanpobric.com\/?page_id=905"},"modified":"2017-12-19T14:57:37","modified_gmt":"2017-12-19T14:57:37","slug":"lage","status":"publish","type":"page","link":"http:\/\/novaweb.casaruralcanpobric.com\/?page_id=905&lang=de","title":{"rendered":"Lage"},"content":{"rendered":"<p><span style=\"font-family: Book Antiqua, Palatino; font-size: 18pt;\">Das Haus befindet sich im Dorf Ma\u00e7anet de la Selva, auf halbem Weg zwischen Barcelona und Girona, <\/span><\/p>\n<p><span style=\"font-family: Book Antiqua, Palatino; font-size: 18pt;\">ganz in der N\u00e4he der Str\u00e4nde der Costa Brava. Die n\u00e4chstgelegenen St\u00e4dte von Ma\u00e7anet de la Selva <\/span><\/p>\n<p><span style=\"font-family: Book Antiqua, Palatino; font-size: 18pt;\">sind Sils, Riudarenes und Hostalric, unsere Lage ist unschlagbar f\u00fcr einen privilegierten Aufenthalt im <\/span><\/p>\n<p><span style=\"font-family: Book Antiqua, Palatino; font-size: 18pt;\">Herzen der Natur.<\/span><\/p>\n<p>&nbsp;<\/p>\n<p style=\"text-align: left;\"><span style=\"font-size: 18pt;\"><em><strong><span style=\"font-family: Book Antiqua,Palatino;\">&nbsp; &nbsp; &nbsp; &nbsp; &nbsp; &nbsp; &nbsp; &nbsp; &nbsp; &nbsp; &nbsp; &nbsp; &nbsp; &nbsp; &nbsp; &nbsp; &nbsp; &nbsp; &nbsp; &nbsp; &nbsp; &nbsp; &nbsp; &nbsp; &nbsp; &nbsp; &nbsp; &nbsp; &nbsp; &nbsp; &nbsp; &nbsp; &nbsp; &nbsp; &nbsp; &nbsp; &nbsp; &nbsp; &nbsp; &nbsp; &nbsp;41\u00ba 47\u2019 32.24\u201d N<\/span><\/strong><\/em><\/span><br \/>\n<span style=\"font-size: 18pt;\"><em><strong><span style=\"font-family: Book Antiqua,Palatino;\">&nbsp; &nbsp; &nbsp; &nbsp; &nbsp; &nbsp; &nbsp; &nbsp; &nbsp; &nbsp; &nbsp; &nbsp; &nbsp; &nbsp; &nbsp; &nbsp; &nbsp; &nbsp; &nbsp; &nbsp; &nbsp; &nbsp; &nbsp; &nbsp; &nbsp; &nbsp; &nbsp; &nbsp; &nbsp; &nbsp; &nbsp; &nbsp; &nbsp; &nbsp; &nbsp; &nbsp; &nbsp; &nbsp; &nbsp; &nbsp; &nbsp; 2\u00ba 42\u2019 02.72\u201d E<\/span><\/strong><\/em><\/span><\/p>\n<p>&nbsp;<\/p>\n<p style=\"text-align: center;\"><\/p>\n<p>&nbsp;<\/p>\n","protected":false},"excerpt":{"rendered":"<p>Das Haus befindet sich im Dorf Ma\u00e7anet de la Selva, auf halbem Weg zwischen Barcelona und Girona, ganz in der N\u00e4he der Str\u00e4nde der Costa Brava. Die n\u00e4chstgelegenen St\u00e4dte von Ma\u00e7anet de la Selva sind Sils, Riudarenes und Hostalric, unsere&#8230;<br \/><a class=\"read-more-button\" href=\"http:\/\/novaweb.casaruralcanpobric.com\/?page_id=905&#038;lang=de\">Read more<\/a><\/p>\n","protected":false},"author":1,"featured_media":0,"parent":0,"menu_order":0,"comment_status":"closed","ping_status":"closed","template":"template-full-width.php","meta":{"ngg_post_thumbnail":0},"acf":[],"_links":{"self":[{"href":"http:\/\/novaweb.casaruralcanpobric.com\/index.php?rest_route=\/wp\/v2\/pages\/905"}],"collection":[{"href":"http:\/\/novaweb.casaruralcanpobric.com\/index.php?rest_route=\/wp\/v2\/pages"}],"about":[{"href":"http:\/\/novaweb.casaruralcanpobric.com\/index.php?rest_route=\/wp\/v2\/types\/page"}],"author":[{"embeddable":true,"href":"http:\/\/novaweb.casaruralcanpobric.com\/index.php?rest_route=\/wp\/v2\/users\/1"}],"replies":[{"embeddable":true,"href":"http:\/\/novaweb.casaruralcanpobric.com\/index.php?rest_route=%2Fwp%2Fv2%2Fcomments&post=905"}],"version-history":[{"count":2,"href":"http:\/\/novaweb.casaruralcanpobric.com\/index.php?rest_route=\/wp\/v2\/pages\/905\/revisions"}],"predecessor-version":[{"id":1012,"href":"http:\/\/novaweb.casaruralcanpobric.com\/index.php?rest_route=\/wp\/v2\/pages\/905\/revisions\/1012"}],"wp:attachment":[{"href":"http:\/\/novaweb.casaruralcanpobric.com\/index.php?rest_route=%2Fwp%2Fv2%2Fmedia&parent=905"}],"curies":[{"name":"wp","href":"https:\/\/api.w.org\/{rel}","templated":true}]}}